 172603
List the prime factors of 1007479.
11, 67, 1367
What are the prime factors of 439761?
3, 7, 43, 487
List the prime factors of 12199019.
7, 257, 6781
List the prime factors of 166704.
2, 3, 23, 151
What are the prime factors of 3203089?
17, 188417
List the prime factors of 162207.
3, 67, 269
What are the prime factors of 2881928?
2, 7, 53, 971
List the prime factors of 740140.
2, 5, 23, 1609
What are the prime factors of 7027593?
3, 919, 2549
What are the prime factors of 14824367?
14824367
What are the prime factors of 500040?
2, 3, 5, 463
What are the prime factors of 1210365?
3, 5, 13, 2069
List the prime factors of 51591.
3, 29, 593
List the prime factors of 131824.
2, 7, 11, 107
What are the prime factors of 9572937?
3, 11, 263, 1103
List the prime factors of 3385665.
3, 5, 31, 809
What are the prime factors of 26076809?
11, 71, 173, 193
List the prime factors of 109647.
3, 31, 131
List the prime factors of 3121621.
103, 30307
What are the prime factors of 225974?
2, 7, 16141
What are the prime factors of 8748912?
2, 3, 113, 1613
List the prime factors of 200546.
2, 197, 509
List the prime factors of 267660.
2, 3, 5, 1487
What are the prime factors of 1639603?
7, 71, 3299
What are the prime factors of 59255?
5, 7, 1693
List the prime factors of 22483044.
2, 3, 17, 2161
What are the prime factors of 1567102?
2, 29, 41, 659
What are the prime factors of 25708?
2, 6427
List the prime factors of 140344.
2, 53, 331
List the prime factors of 334844.
2, 97, 863
What are the prime factors of 515803?
515803
List the prime factors of 155459.
83, 1873
What are the prime factors of 77688?
2, 3, 13, 83
What are the prime factors of 518230?
2, 5, 29, 1787
List the prime factors of 144049.
23, 6263
What are the prime factors of 380309?
380309
What are the prime factors of 1614941?
241, 6701
List the prime factors of 15005414.
2, 7502707
What are the prime factors of 729240?
2, 3, 5, 59, 103
List the prime factors of 2560601.
2560601
What are the prime factors of 4622275?
5, 7, 61, 433
What are the prime factors of 4968353?
13, 151, 2531
List the prime factors of 220425.
3, 5, 2939
List the prime factors of 861799.
861799
What are the prime factors of 912683?
103, 8861
List the prime factors of 900058.
2, 450029
List the prime factors of 437454.
2, 3, 8101
List the prime factors of 8097796.
2, 7, 137, 2111
What are the prime factors of 1113719?
1113719
List the prime factors of 15949096.
2, 1993637
List the prime factors of 34409.
19, 1811
What are the prime factors of 867313?
73, 109
List the prime factors of 1567321.
7, 223903
List the prime factors of 1156903.
11, 105173
What are the prime factors of 1030899?
3, 113, 3041
What are the prime factors of 34687159?
13, 2668243
What are the prime factors of 1066327?
1066327
List the prime factors of 85726.
2, 42863
List the prime factors of 4476232.
2, 559529
What are the prime factors of 14759820?
2, 3, 5, 3037
What are the prime factors of 750581?
13, 57737
List the prime factors of 2236548.
2, 3, 186379
What are the prime factors of 56370?
2, 3, 5, 1879
List the prime factors of 4751480.
2, 5, 118787
What are the prime factors of 2532970?
2, 5, 11, 23027
List the prime factors of 13794577.
443, 31139
List the prime factors of 768272.
2, 48017
What are the prime factors of 1491671?
19, 78509
What are the prime factors of 1457427?
3, 17, 41
What are the prime factors of 732395?
5, 29, 5051
What are the prime factors of 869497?
19, 45763
List the prime factors of 27428315.
5, 331, 16573
List the prime factors of 6896.
2, 431
What are the prime factors of 14474?
2, 7237
What are the prime factors of 4430163?
3, 101, 14621
List the prime factors of 1128504.
2, 3, 13, 3617
List the prime factors of 5126227.
499, 10273
List the prime factors of 1929763.
11, 175433
List the prime factors of 99237.
3, 19, 1741
List the prime factors of 486137.
41, 71, 167
List the prime factors of 81360.
2, 3, 5, 113
What are the prime factors of 142397?
131, 1087
List the prime factors of 1283205.
3, 5, 7, 11, 101
List the prime factors of 661408.
2, 11, 1879
List the prime factors of 1500570.
2, 3, 5, 16673
List the prime factors of 7304614.
2, 37, 98711
What are the prime factors of 6873030?
2, 3, 5, 76367
List the prime factors of 603114.
2, 3, 100519
List the prime factors of 3747408.
2, 3, 7, 19, 587
What are the prime factors of 732475?
5, 83, 353
List the prime factors of 1020532.
2, 255133
List the prime factors of 300480.
2, 3, 5, 313
What are the prime factors of 4455941?
7, 636563
List the prime factors of 126761.
126761
List the prime factors of 338675.
5, 19, 23, 31
List the prime factors of 306563.
306563
List the prime factors of 5541132.
2, 3, 409, 1129
List the prime factors of 32075.
5, 1283
List the prime factors of 302758.
2, 151379
What are the prime factors of 315891?
3, 35099
What are the prime factors of 637394?
2, 421, 757
List the prime factors of 252372.
2, 3, 21031
List the prime factors of 3317923.
7, 43, 73, 151
What are the prime factors of 458810?
2, 5, 11, 43, 97
What are the prime factors of 9146210?
2, 5, 53, 17257
What are the prime factors of 7814726?
2, 3907363
What are the prime factors of 20462426?
2, 1697, 6029
List the prime factors of 1093262.
2, 546631
What are the prime factors of 114328?
2, 31, 461
List the prime factors of 21560493.
3, 7186831
What are the prime factors of 1108260?
2, 3, 5, 47, 131
List the prime factors of 210718.
2, 105359
What are the prime factors of 23187?
3, 59, 131
What are the prime factors of 237042?
2, 3, 13, 1013
List the prime factors of 15832322.
2, 11, 677, 1063
List the prime factors of 459898.
2, 229949
What are the prime factors of 2713989?
3, 904663
List the prime factors of 2131564.
2, 727, 733
List the prime factors of 159139.
233, 683
List the prime factors of 257978.
2, 7, 18427
List the prime factors of 846503.
7, 120929
List the prime factors of 298509.
3, 19, 5237
What are the prime factors of 3983919?
3, 1327973
List the prime factors of 839863.
37, 22699
List the prime factors of 346218.
2, 3, 19, 3037
What are the prime factors of 7105704?
2, 3, 296071
List the prime factors of 523055.
5, 13, 619
What are the prime factors of 445760?
2, 5, 7, 199
What are the prime factors of 10314143?
7, 23, 64063
List the prime factors of 757850.
2, 5, 23, 659
List the prime factors of 3443437.
3443437
What are the prime factors of 188314?
2, 7, 13451
List the prime factors of 391813.
467, 839
What are the prime factors of 249694?
2, 124847
List the prime factors of 12803158.
2, 6401579
What are the prime factors of 494729?
31, 15959
List the prime factors of 592069.
31, 71, 269
What are the prime factors of 19818545?
5, 3963709
What are the prime factors of 1011446?
2, 19, 43, 619
What are the prime factors of 62780?
2, 5, 43, 73
List the prime factors of 131622.
2, 3, 21937
What are the prime factors of 98830?
2, 5, 9883
List the prime factors of 673722.
2, 3, 7, 5347
What are the prime factors of 512560?
2, 5, 43, 149
List the prime factors of 12453810.
2, 3, 5, 23, 18049
What are the prime factors of 12705702?
2, 3, 191, 11087
List the prime factors of 252022.
2, 126011
List the prime factors of 632914.
2, 23, 13759
List the prime factors of 5800682.
2, 2900341
What are the prime factors of 16804?
2, 4201
What are the prime factors of 1947189?
3, 649063
List the prime factors of 1341018.
2, 3, 7, 29, 367
List the prime factors of 209165.
5, 11, 3803
What are the prime factors of 243588?
2, 3, 53, 383
What are the prime factors of 14615272?
2, 7, 260987
What are the prime factors of 452742?
2, 3, 61, 1237
What are the prime factors of 971358?
2, 3, 97, 1669
List the prime factors of 449559.
3, 11, 19, 239
What are the prime factors of 126423?
3, 11, 1277
List the prime factors of 13634207.
13634207
What are the prime factors of 26785?
5, 11, 487
List the prime factors of 12047826.
2, 3, 7, 43, 953
List the prime factors of 8740758.
2, 3, 13, 112061
List the prime factors of 11038633.
863, 12791
List the prime factors of 1287203.
59, 21817
What are the prime factors of 1178843?
1178843
List the prime factors of 3250505.
5, 31, 67, 313
What are the prime factors of 1188171?
3, 132019
List the prime factors of 12157895.
5, 2431579
What are 